mon divisor of 95 and 1710.
95
Calculate the greatest common factor of 10 and 1955.
5
What is the highest common divisor of 90 and 7515?
45
What is the greatest common factor of 6 and 194?
2
Calculate the greatest common factor of 104 and 234.
26
What is the highest common divisor of 148 and 2146?
74
What is the highest common factor of 4150 and 50?
50
Calculate the greatest common factor of 276 and 246.
6
What is the greatest common factor of 21 and 35889?
21
What is the highest common factor of 51136 and 47?
47
Calculate the highest common factor of 88 and 572.
44
Calculate the highest common factor of 14 and 1057.
7
Calculate the greatest common divisor of 30 and 7485.
15
Calculate the highest common divisor of 151 and 3171.
151
What is the highest common factor of 24 and 888?
24
What is the greatest common divisor of 22 and 22?
22
Calculate the greatest common factor of 1368 and 54.
18
What is the highest common factor of 136 and 18?
2
What is the greatest common divisor of 10 and 190?
10
Calculate the highest common divisor of 105 and 75.
15
Calculate the highest common factor of 1034 and 282.
94
Calculate the greatest common divisor of 1161 and 86.
43
What is the highest common factor of 548 and 4?
4
What is the greatest common factor of 1544 and 8?
8
Calculate the highest common factor of 1763 and 451.
41
What is the greatest common divisor of 1620 and 10?
10
Calculate the greatest common divisor of 8640 and 75.
15
Calculate the highest common divisor of 3136 and 14.
14
Calculate the highest common factor of 468 and 585.
117
What is the greatest common factor of 396 and 1056?
132
Calculate the highest common divisor of 820 and 355.
5
What is the highest common factor of 4040 and 70?
10
Calculate the highest common divisor of 864 and 4736.
32
Calculate the greatest common factor of 14 and 994.
14
What is the highest common factor of 43866 and 54?
18
Calculate the highest common divisor of 6468 and 528.
132
Calculate the highest common divisor of 30 and 60.
30
What is the greatest common divisor of 72 and 56?
8
Calculate the highest common factor of 504 and 24.
24
Calculate the highest common divisor of 27 and 27.
27
What is the greatest common divisor of 82 and 17138?
82
What is the greatest common factor of 3653 and 26?
13
Calculate the greatest common divisor of 8 and 28.
4
What is the greatest common divisor of 80270 and 230?
230
Calculate the greatest common factor of 378 and 18.
18
Calculate the highest common divisor of 469 and 49.
7
What is the greatest common factor of 342 and 18?
18
What is the highest common factor of 25 and 725?
25
What is the highest common factor of 20 and 95?
5
Calculate the greatest common divisor of 486 and 594.
54
Calculate the greatest common divisor of 1298 and 590.
118
Calculate the greatest common factor of 115 and 23.
23
Calculate the highest common divisor of 1917 and 6745.
71
What is the greatest common factor of 4212 and 546?
78
Calculate the highest common factor of 847 and 407.
11
What is the highest common divisor of 177 and 10797?
177
Calculate the greatest common factor of 3204 and 8188.
356
What is the greatest common factor of 112 and 406?
14
Calculate the highest common divisor of 2635 and 93.
31
Calculate the highest common divisor of 868 and 28.
28
Calculate the highest common factor of 3064 and 8.
8
What is the highest common factor of 10408 and 24?
8
Calculate the greatest common divisor of 67 and 1.
1
What is the greatest common divisor of 228 and 62?
2
What is the greatest common factor of 118 and 2419?
59
Calculate the greatest common divisor of 41 and 697.
41
Calculate the highest common divisor of 64 and 14272.
64
What is the highest common factor of 17 and 51?
17
What is the greatest common factor of 51 and 18?
3
Calculate the greatest common divisor of 122 and 18178.
122
What is the highest common divisor of 2 and 2018?
2
What is the highest common factor of 287 and 123?
41
What is the highest common divisor of 27 and 8667?
27
Calculate the highest common divisor of 1079 and 830.
83
Calculate the highest common factor of 3773 and 77.
77
Calculate the greatest common factor of 54 and 258.
6
Calculate the greatest common factor of 391 and 46.
23
Calculate the highest common factor of 252 and 54.
18
What is the greatest common factor of 26 and 9802?
26
Calculate the greatest common divisor of 13 and 910.
13
What is the greatest common factor of 54 and 243?
27
Calculate the greatest common divisor of 1587 and 9.
3
Calculate the greatest common factor of 4012 and 748.
68
What is the greatest common divisor of 664 and 56?
8
Calculate the highest common factor of 539 and 833.
49
Calculate the greatest common divisor of 116 and 2726.
58
Calculate the highest common divisor of 280 and 224.
56
Calculate the highest common divisor of 180 and 8700.
60
What is the highest common factor of 152 and 40?
8
Calculate the highest common divisor of 2425 and 25.
25
Calculate the greatest common divisor of 1130 and 45.
5
Calculate the highest common factor of 375 and 15.
15
Calculate the greatest common factor of 28 and 1792.
28
Calculate the highest common divisor of 19114 and 38.
38
What is the greatest common factor of 33 and 253?
11
Calculate the greatest common factor of 63 and 261.
9
What is the greatest common factor of 48 and 200?
8
Calculate the greatest common divisor of 43 and 172.
43
Calculate the greatest common divisor of 42 and 329.
7
Calculate the greatest common divisor of 26 and 923.
13
What is the greatest common divisor of 540 and 324?
108
What is the greatest common divisor of 288 and 132?
12
Calculate the greatest common factor of 165 and 2695.
55
What is the highest common divisor of 572 and 176?
44
What is the highest common divisor of 1300 and 39?
13
What is the highest common divisor of 54 and 1593?
27
What is the highest common factor of 18 and 162?
18
What is the highest common factor of 194 and 291?
97
Calculate the greatest common factor of 40 and 150.
10
Calculate the highest common factor of 7564 and 124.
124
Calculate the greatest common divisor of 13351 and 169.
169
Calculate the highest common divisor of 1820 and 980.
140
What is the greatest common factor of 47052 and 24?
12
Calculate the highest common factor of 28 and 2324.
28
Calculate the greatest common divisor of 28740 and 60.
60
Calculate the highest common divisor of 29 and 16153.
29
Calculate the greatest common divisor of 21 and 1239.
21
What is the greatest common factor of 396 and 220?
44
What is the greatest common factor of 48 and 138?
6
What is the highest common divisor of 31964 and 1310?
262
What is the highest common factor of 2831 and 19?
19
Calculate the highest common factor of 240 and 5160.
120
Calculate the highest common divisor of 14 and 2786.
14
Calculate the highest common factor of 3105 and 135.
135
Calculate the greatest common divisor of 1288 and 112.
56
What is the highest common divisor of 84 and 210?
42
Calculate the highest common divisor of 84 and 5936.
28
Calculate the greatest common divisor of 108 and 1161.
27
What is the greatest common factor of 1325 and 53?
53
What is the greatest common divisor of 9 and 1323?
9
Calculate the greatest common divisor of 14 and 8666.
14
What is the greatest common divisor of 4 and 64?
4
Calculate the highest common factor of 572 and 44.
44
Calculate the highest common divisor of 13881 and 21.
21
Calculate the highest common divisor of 19 and 8189.
19
Calculate the highest common factor of 1974 and 798.
42
Calculate the greatest common divisor of 2 and 607.
1
Calculate the highest common divisor of 1758 and 54.
6
What is the highest common factor of 161 and 1449?
161
What is the highest common divisor of 36 and 1098?
18
Calculate the greatest common divisor of 86 and 731.
43
Calculate the highest common factor of 44 and 396.
44
Calculate the highest common factor of 3317 and 31.
31
What is the highest common divisor of 2028 and 390?
78
What is the highest common factor of 52 and 117?
13
Calculate the greatest common factor of 9 and 16398.
9
What is the highest common divisor of 19 and 551?
19
What is the greatest common factor of 74388 and 12?
12
Calculate the highest common factor of 5 and 34.
1
What is the greatest common factor of 3 an